s of s.
5, 13
Let p(k) = -3456*k - 1694. What are the prime factors of p(-16)?
2, 26801
Let y(z) be the first derivative of -z**4/4 - 46*z**3/3 - 50*z**2 - 13*z + 262. List the prime factors of y(-44).
5, 103
Suppose -5*v = 2*b, 0 = 4*b + 2*v - 6*v - 28. Suppose y + 4*y + 1571 = 2*n, -1521 = -2*n - b*y. List the prime factors of n.
773
Suppose 0 = 2*b - 4*b - 2*j + 6, -3*b + 1 = -5*j. Let h be ((-6)/4)/((-1)/(-2)). List the prime factors of 14*-3*h/b.
3, 7
Let q be -2*((-4)/2 - 5). Suppose -8*n = -q*n - 6. What are the prime factors of n*(1 + 60)*-1?
61
Let w(t) = -1081*t**3 + t**2 - t - 5. Let n(s) = -540*s**3 - s - 3. Let p(m) = -5*n(m) + 3*w(m). List the prime factors of p(-1).
2, 17
Suppose 0 = 39*i - 49*i + 90. Suppose i*w - 24*w + 7695 = 0. List the prime factors of w.
3, 19
Suppose -3*h - 3*z = 63 + 81, 3*z + 3 = 0. Let g(o) = -13*o + 7. Let p be g(-6). Let x = p + h. What are the prime factors of x?
2, 19
Let p = -5879 + 11421. List the prime factors of p.
2, 17, 163
Suppose -110*m - 149*m + 622910 = -92*m. What are the prime factors of m?
2, 5, 373
Let o(g) = g**3 - 10*g**2 - 5*g - 2. Let i(w) = w**3 - 11*w**2 - 5*w - 2. Let z(h) = 5*i(h) - 6*o(h). Suppose 38 = 38*d - 152. List the prime factors of z(d).
3
Suppose 0 = -180*p + 92*p + 5849976. What are the prime factors of p?
3, 22159
Let x = 176 - 172. Suppose -x*n + 4925 - 505 = 0. List the prime factors of n.
5, 13, 17
Suppose 0*b = -10*b + 6440. Suppose 5*d = 171 + b. What are the prime factors of d?
163
Let h(u) = u**2 - 12*u + 25. Let f be h(5). Let s(t) = -t**3 + 8*t**2 + 18*t - 14. List the prime factors of s(f).
2, 11, 73
Suppose y = -2*o + 5*y, 2*o + 3*y - 35 = 0. Suppose 6*x - x - o = 0. Suppose -4*b + 192 = -2*t, 0*b + x*b - 2*t = 92. List the prime factors of b.
2, 5
Let s(j) = -j + 13. Let i be s(8). Suppose 2*y - 8 = -4*b - 2, 45 = 5*y - i*b. List the prime factors of y.
7
Suppose 0 = 6*z + 437 - 431. Let s be (3 + -5 + 3)*1. List the prime factors of z + s + 1224/6.
2, 3, 17
Let i(b) = 5*b**2 - 22*b - 85. Let c = 53 + -62. What are the prime factors of i(c)?
2, 7, 37
Let n be (-2 + 86)*6/18. Let v = n - 23. Suppose 4*b - 344 = v*i - 9*i, -2*i + 3*b + 182 = 0. What are the prime factors of i?
2, 11
Let j be (2/(-3))/((-57)/18 - -3). Let y(f) = f**2 - 4*f + 3. Let b be y(j). Let z(k) = 11*k - 13. What are the prime factors of z(b)?
2, 5
Let j be (2/(-3 - 7/14))/((-4)/406). Let d(h) = -126*h - 6. Let f be d(-4). Suppose j*p + f = 64*p. What are the prime factors of p?
83
Suppose 3*f - 9653 - 779 = -4*s, -5*f + 17364 = s. List the prime factors of f.
2, 7, 31
Let z = -10 + 214. Suppose 4*a = 2*w + 3056, 2*w + z = 3*a - 2088. What are the prime factors of a?
2, 191
Suppose -147*l + 189*l - 17514 = 0. What are the prime factors of l?
3, 139
Let k(d) = 128*d - 26. Let r be k(-4). Let m = r + 839. List the prime factors of m.
7, 43
Suppose -y - 3*d + 137 = -7*d, 3*d - 351 = -3*y. Let n = 1941 - 1990. Let s = y + n. List the prime factors of s.
2, 3
Suppose -4*h + 5*q + 1210 = -0*h, q - 598 = -2*h. Let j = h - 226. What are the prime factors of j?
2, 37
Let q(a) = a**3 + a + 13. Let c(k) = -k - 5. Let p be c(-5). Let v be q(p). Let d(u) = -u**3 + 15*u**2 - 15*u + 10. What are the prime factors of d(v)?
3, 17
Let h(k) = -2*k**3 + 73*k**2 + 57*k + 167. What are the prime factors of h(36)?
5, 19, 37
Suppose 11*u + 4710 = -9194. Let h = -640 - u. List the prime factors of h.
2, 3, 13
Suppose -4*x - 8 + 16 = 0. What are the prime factors of x/(-5) - (-38172)/30?
2, 3, 53
Suppose 3*m - 4*i = 25298, -5*m + 11*i + 42140 = 9*i. List the prime factors of m.
2, 11, 383
Let z be ((-1)/2*6 - -5) + 5. Suppose 0*p - 441 = z*p. Let i = -50 - p. What are the prime factors of i?
13
Let c(p) be the second derivative of p**5/20 + 9*p**4/4 + 7*p**3 - 27*p**2 + 5*p + 12. List the prime factors of c(-24).
2, 3, 37
Suppose 4*z + v = 52, 3*v = -3 - 9. Let k(b) = 269*b - 134. Let w be k(4). List the prime factors of w/z + (-2)/7.
67
Suppose 0 = q + 13*q + 14. What are the prime factors of (1 + -2 + q)/(40/(-10960))?
2, 137
Let i(a) = a**2 - 3*a - 32. Let l be i(-21). Suppose -14*r + 2118 = -l. List the prime factors of r.
5, 37
Suppose -3*p - o - 10 = 0, 4*p = -o - 6 - 8. Let f(l) = -7*l**3 - 5*l**2 + 3*l + 9. What are the prime factors of f(p)?
5, 73
Suppose -947*t = -968*t + 146496. What are the prime factors of t?
2, 109
Let q = 5641 - 5553. Suppose -2*j - 70 - 90 = 0. Let g = j + q. What are the prime factors of g?
2
Let n = -24 + 28. Suppose n + 8 = 3*l, -2*x + 5*l = 252. Let h = x - -221. List the prime factors of h.
3, 5, 7
Suppose 242*r - 2728229 = 961545. List the prime factors of r.
79, 193
Suppose 0 = -d + 2*c + 5629, -4*d + 9*d - 5*c - 28155 = 0. What are the prime factors of d?
43, 131
What are the prime factors of (-27078)/(-3 - 0) + 9?
5, 13, 139
Suppose 9829 = 54*z - 70091. What are the prime factors of z?
2, 5, 37
Suppose 2*x = -2*l - 738, -1 = -3*l + 8. Let u = 1174 + x. Suppose u = 7*t - 171. List the prime factors of t.
139
Let q(z) = 67*z + 6. Let t(g) = 334*g + 31. Let v = -42 + 53. Let m(h) = v*q(h) - 2*t(h). List the prime factors of m(2).
2, 71
Let v be -21*(-7)/(-63)*-159. Let i = v - 75. What are the prime factors of i?
2, 37
Suppose -9*l + 13923 = -72. Let n = 25 + l. List the prime factors of n.
2, 5, 79
Let y be (-33)/(-297) + (-6355)/9. Let h = 1356 + y. List the prime factors of h.
2, 5, 13
Let d be 1 - (-8)/12*3. Let q(y) be the first derivative of 4*y**3 - 3*y**2/2 - y + 9. What are the prime factors of q(d)?
2, 7
Suppose 516 - 436 = 5*s. Suppose 0 = -17*m + s*m + 707. What are the prime factors of m?
7, 101
Let z = 1870 - 3897. Let i = -1138 - z. List the prime factors of i.
7, 127
Suppose -898 + 2640 = 26*c. Let m = -14 + -8. Let p = c + m. List the prime factors of p.
3, 5
Let c(g) = -628*g**2. Let i be c(1). Let q = -417 - i. List the prime factors of q.
211
Suppose -10*d + 5792 = 1002. Suppose -d*b + 785 = -474*b. What are the prime factors of b?
157
Let a(r) = -6502*r + 11422. What are the prime factors of a(-8)?
2, 3, 97, 109
Let u(t) = 4*t + 17. Let h be u(27). Let n = -45 + h. What are the prime factors of n?
2, 5
Suppose 5 + 13 = 3*h. Suppose 0*b - 2*b = 3*z - h, 3*z + 9 = 3*b. Suppose 2178 = b*u + 8*u. What are the prime factors of u?
2, 3, 11
Suppose -28*w + 13242 = -22*w. Suppose p = 4*j - w, 4*p = 4*j + 6*p - 2210. What are the prime factors of j?
2, 3, 23
Let s = 876 - 502. Let g = s + -283. List the prime factors of g.
7, 13
Let v(h) = 146*h**3 - 11*h**2 + 15*h + 25. List the prime factors of v(4).
19, 487
Let q(z) be the second derivative of -z**4/12 + 4*z**3/3 - 19*z. Let s be q(9). Let i(t) = t**3 + 9*t**2 + t + 21. What are the prime factors of i(s)?
2, 3
Suppose -3*q - 15 = 4*l, -25 = l - 5*l + 5*q. Suppose l = -5*s + 257 - 12. List the prime factors of s.
7
Suppose w - 72 = -92. List the prime factors of (10/w)/((-2)/3780).
3, 5, 7
Let f be 1849 - 55 - (2 - 0). Let p = -236 + f. List the prime factors of p.
2, 389
Suppose -192*c = -88*c - 486824. What are the prime factors of c?
31, 151
Let z be (1*77/(-21))/(1/(-3)). Suppose -15*a + z*a = -252. What are the prime factors of a?
3, 7
Let a(n) = 16*n**2 + 44*n - 91. List the prime factors of a(17).
5281
Suppose b + m - 6453 = 0, -4*b + 14091 + 11733 = m. What are the prime factors of b?
11, 587
Suppose 22*l - 54 = 56. Suppose 2 = 2*t, -5*r + 0*r - l*t = -280. List the prime factors of r.
5, 11
Suppose 46*g - 20360 = 45*g - 3*p, 3*g - 5*p - 61136 = 0. List the prime factors of g.
2, 11, 463
Let a be 10/(-2) + (-6)/48*-26056. Suppose -6*y + 0*y + a = 0. What are the prime factors of y?
2, 271
Let f(s) = -28 - 116*s + 355*s + 10. What are the prime factors of f(5)?
11, 107
Suppose 592364 = 37*d - 1014324. Suppose -14*i + d = 32*i. What are the prime factors of i?
2, 59
Suppose 52*d = -41118 + 119482. What are the prime factors of d?
11, 137
Suppose -4*b = -4*q - 7*b + 10, -5*q + 30 = -5*b. Suppose x = q*x - 6. Suppose 4*i = c + 730, -x*i + 181 = -i - c. What are the prime factors of i?
3, 61
Suppose -9*g - 11006 = -59309. What are the prime factors of g?
3, 1789
Let g = 62 - 59. Suppose -r - 18 = -g*w, 2*w + 3*w = 2*r + 31. Suppose j + 2*i - 255 = -2*j, w*i = 0. What are the prime factors of j?
5, 1